{"id":77,"date":"2011-04-11T07:51:54","date_gmt":"2011-04-11T07:51:54","guid":{"rendered":"http:\/\/www.condenser-mic.de\/datentest\/?page_id=77"},"modified":"2012-04-10T07:55:33","modified_gmt":"2012-04-10T07:55:33","slug":"referenzen","status":"publish","type":"page","link":"http:\/\/www.condenser-mic.de\/datentest\/?page_id=77","title":{"rendered":"Referenzen"},"content":{"rendered":"<div id=\"content\">\n<p>(Auswahl) Akademie der K\u00fcnste M\u00fcnchen, BW-Bank, DaimlerChrysler Collection, Deutsche Bank, Deutsches olympisches Komitee, Design Center Stuttgart, Design Tech, Designrockers Recordings, Designrocker Stuttgart, Die Gr\u00fcnen, Diplomat F\u00fcllfederhalter, Evonik Industries, Gesellschaft f\u00fcr Semiotik, Galerie Geiger, Konstanz, Galerie Walter Storms, M\u00fcnchen, Greenpeace, Hager Gallery, Hatje Cantz Verlag, Dr. Cantz&#8217;sche Druckerei, Hager Group, Haus Konstruktiv, Z\u00fcrich, Herrenknecht AG, IDZ Internationales Design Zentrum Berlin, Ifa Institut f\u00fcr Auslandsbeziehungen, Jazz und Rock Schule Freiburg, Josef-Albers-Museum, Karstadt Quelle, Klinik Buchinger am Bodensee, Kulturamt Stuttgart, Kunstmuseum Heidenheim, Kunstmuseum Stuttgart, Kunstmuseum Wolfsburg, Kunsthalle G\u00f6ppingen, Kunst und Kulturnacht Konstanz Kreuzlingen, Landesmuseum Baden-Baden, Lechner Museum Ingolstadt, Messe Frankfurt, Mies van der Rohe Haus, Berlin, Museum Ritter, Mia Seeger Stiftung, Neues Museum Weserburg Bremen, Piper Verlag, Ritter Sport, RKW Baden-W\u00fcrttemberg, Roto Frank AG, Staatsgalerie Stuttgart, Stadt Stuttgart, Stadt Villingen-Schwenningen, Stankowski-Stiftung, SWR, Universit\u00e4t Stuttgart, VGH-Stiftung, VGH-Versicherungen, Viessmann, Werkbund Baden-W\u00fcrttemberg, ZKM Karlsruhe<\/p>\n<p><strong> <\/strong><\/p>\n<\/div>\n","protected":false},"excerpt":{"rendered":"<p>(Auswahl) Akademie der K\u00fcnste M\u00fcnchen, BW-Bank, DaimlerChrysler Collection, Deutsche Bank, Deutsches olympisches Komitee, Design Center Stuttgart, Design Tech, Designrockers Recordings, Designrocker Stuttgart, Die Gr\u00fcnen, Diplomat F\u00fcllfederhalter, Evonik Industries, Gesellschaft f\u00fcr Semiotik, Galerie Geiger, Konstanz, Galerie Walter Storms, M\u00fcnchen, Greenpeace, Hager Gallery, Hatje Cantz Verlag, Dr. Cantz&#8217;sche Druckerei, Hager Group, Haus Konstruktiv, Z\u00fcrich, Herrenknecht AG, IDZ &hellip; <\/p>\n","protected":false},"author":1,"featured_media":0,"parent":0,"menu_order":2,"comment_status":"closed","ping_status":"closed","template":"","meta":[],"_links":{"self":[{"href":"http:\/\/www.condenser-mic.de\/datentest\/index.php?rest_route=\/wp\/v2\/pages\/77"}],"collection":[{"href":"http:\/\/www.condenser-mic.de\/datentest\/index.php?rest_route=\/wp\/v2\/pages"}],"about":[{"href":"http:\/\/www.condenser-mic.de\/datentest\/index.php?rest_route=\/wp\/v2\/types\/page"}],"author":[{"embeddable":true,"href":"http:\/\/www.condenser-mic.de\/datentest\/index.php?rest_route=\/wp\/v2\/users\/1"}],"replies":[{"embeddable":true,"href":"http:\/\/www.condenser-mic.de\/datentest\/index.php?rest_route=%2Fwp%2Fv2%2Fcomments&post=77"}],"version-history":[{"count":15,"href":"http:\/\/www.condenser-mic.de\/datentest\/index.php?rest_route=\/wp\/v2\/pages\/77\/revisions"}],"predecessor-version":[{"id":729,"href":"http:\/\/www.condenser-mic.de\/datentest\/index.php?rest_route=\/wp\/v2\/pages\/77\/revisions\/729"}],"wp:attachment":[{"href":"http:\/\/www.condenser-mic.de\/datentest\/index.php?rest_route=%2Fwp%2Fv2%2Fmedia&parent=77"}],"curies":[{"name":"wp","href":"https:\/\/api.w.org\/{rel}","templated":true}]}}